*m**3 + 3*m**2 + m - 1. List the prime factors of f(-1).
2, 3
Suppose -2*u = -y + 8, 4*y + 7 = -4*u + 3. Suppose y*d + 39 = 5*d. List the prime factors of d.
13
Suppose -48 = -4*i + 48. List the prime factors of i.
2, 3
Let p = -7 - -16. What are the prime factors of p?
3
Suppose -40 = -5*s - 2*y, -3*y - 6 = -21. Let h(q) = 3*q - 8. What are the prime factors of h(s)?
2, 5
Suppose -2*s + 79 - 27 = 2*c, 4*c + s = 101. Let j = c + -13. List the prime factors of j.
2, 3
Let o(t) = t**2 - t + 41. List the prime factors of o(0).
41
Suppose 0*w - 8*w = -376. List the prime factors of w.
47
Suppose 2*v - 103 + 3 = 0. List the prime factors of v.
2, 5
Suppose 5*k - 296 = 64. What are the prime factors of k?
2, 3
Let r(u) = 2*u - 5. Let i(g) = 3*g - 11. Let a(y) = 4*i(y) - 7*r(y). What are the prime factors of a(-9)?
3
Let q = 0 + 13. What are the prime factors of q?
13
Suppose x + 345 = 4*h, -h + 7*x - 3*x = -90. List the prime factors of h.
2, 43
What are the prime factors of 24*(40/15 + 0)?
2
Let d(o) = 4*o**2 + 2. Let x be d(-2). Suppose 2*f + f - x = -a, 20 = 4*a - f. Suppose -9 = -2*u + b, 4*u + 19 = a*u + b. List the prime factors of u.
7
Let q(n) = n**3 + 13*n**2 - 17*n + 32. What are the prime factors of q(-14)?
2, 37
Suppose -94 = -2*q + 36. Suppose -a + 157 = q. List the prime factors of 8/12 + a/6.
2
Let t be -3*((-6)/(-9) + -2). Suppose 5*r - 1 = 5*b + 34, -3 = r + t*b. List the prime factors of r.
5
What are the prime factors of ((-222)/(-9))/((-4)/(-6))?
37
Let x(j) = -5*j**3 + 2*j**2 + 5*j + 4. List the prime factors of x(-2).
2, 3, 7
Suppose -l = k + 6 - 17, 4*k + 12 = 4*l. List the prime factors of l.
7
Let h(q) = -6*q - 10. List the prime factors of h(-3).
2
Suppose -2 = 3*d - 4*d, 0 = 5*p - d - 8. Let y(x) = 2*x**2 - 2*x + 3. List the prime factors of y(p).
7
Suppose 3*o = -5*b - 106, 2*o - o + 102 = -5*b. Let r be b/(2*3/(-27)). Suppose 3*v + 55 = 4*t, -r = -5*t - 2*v - 27. What are the prime factors of t?
13
Let u(s) = s**2 - 4. Suppose 35 = q + 4*q. List the prime factors of u(q).
3, 5
Let y be -1 + (2 - 1) - -21. Suppose 9 = -4*a + l - 55, 3*l = 12. Let c = a + y. List the prime factors of c.
2, 3
Let v(b) = b**2 - 8*b - 23. Let a be v(10). Let m = -17 + 10. Let s = a - m. What are the prime factors of s?
2
Let x(k) = k**2 - 4*k + 2. Let q be x(5). Suppose q*g - 65 = -5*j + 2*g, 0 = 5*j - 3*g - 97. List the prime factors of j.
17
Suppose -13 - 139 = -x. List the prime factors of x/16 - (-2)/(-4).
3
Let g(b) = b + 5. Suppose 0 = h - 5*x + 3*x - 25, 8 = -4*x. Suppose 4*w - w - h = 0. What are the prime factors of g(w)?
2, 3
Let q = 37 - -4. Suppose -4*a + q = -3*a. Let f = a - 28. What are the prime factors of f?
13
Suppose 6*j - j - 115 = 0. What are the prime factors of j?
23
Let v = 7 - 6. What are the prime factors of 3 + 2 + 11 - v?
3, 5
Let o(g) = 7*g - 1 + 1 + 1 - 3*g**2 + 2*g**2. Let v(h) = -4*h**3 + 2*h**2 - 1. Let t be v(-1). What are the prime factors of o(t)?
11
Suppose -2*x + 7*x - 10 = 0. Let f(s) = x*s + 17 - s - 1. List the prime factors of f(-8).
2
Let k = 4 - 1. Suppose -v - 3*v = -28. Suppose v*w - 20 = k*w. List the prime factors of w.
5
List the prime factors of 4*18 - (16 - 18).
2, 37
Let v(i) = i + 5. Let d be v(-8). Let g = d - -8. What are the prime factors of g?
5
Let t = 34 + -23. Suppose 14*o = t*o + 150. What are the prime factors of o?
2, 5
Let s be 4 - (0 - 0/3). Let q = -8 + s. Let u(t) = t**3 + 5*t**2 + 2*t + 2. What are the prime factors of u(q)?
2, 5
Let h be (-6)/2 + 10 + -23. Let n = 0 - h. What are the prime factors of n?
2
What are the prime factors of 170/8 + (-13)/52?
3, 7
Let l = -417 + 155. Let p be (l/3)/(2/6). What are the prime factors of p/(-14) + 2/7?
19
Suppose 0 = -4*p - 5*j + 293, 0*p + 5*j = -2*p + 149. What are the prime factors of p?
2, 3
Suppose 0*g = 2*g - 28. List the prime factors of g.
2, 7
Suppose -x - 4 = -3. Let r = x + 14. List the prime factors of r.
13
Let s(f) = -f**2 + 6*f - 3. Suppose 3*c + c = 0. Suppose c = m - 3 + 1. List the prime factors of s(m).
5
Let t = 425 - -2. List the prime factors of t.
7, 61
What are the prime factors of -129*(-2)/(-4)*28/(-42)?
43
List the prime factors of 23*5 - (1 + -4 - -3).
5, 23
Let s = 6 + -4. Suppose 3*i - 4 = 2*m, s*i + 0*m + 2*m - 16 = 0. Suppose -3*q - 12 = -i*q. What are the prime factors of q?
2, 3
Suppose 0 = -4*o - 5*r + 323, -4*r + 407 = 5*o - r. Let c be ((-7)/14)/((-2)/128). Suppose 9*g - o = 4*g - 2*u, 2*g + u = c. What are the prime factors of g?
2, 3
Suppose -2*d + 6*d = 120. What are the prime factors of d?
2, 3, 5
Suppose 3*q - 2*q - 3 = 0. Suppose q*k - 48 = -6. What are the prime factors of k?
2, 7
Let q be 3/1 - (-2)/2. Suppose -a - 19 = -v, -a = v + q*a - 31. Let j = v - 10. What are the prime factors of j?
11
Let g = 0 + 4. List the prime factors of g.
2
Suppose 7*h - 6 = 4*h. Suppose -3*i + 5*i + h = 0. List the prime factors of (-5 + (-2)/(-2))/i.
2
List the prime factors of (8/20)/(-1)*-10.
2
Suppose -5*w = 4*h - 576, h - 2*w + 4*w = 144. What are the prime factors of h?
2, 3
Let o be ((-46)/4)/(2/(-4)). Let a = o - 3. What are the prime factors of ((-8)/a)/((-2)/10)?
2
Suppose -3*a = -4*z - 536, 5*z - 5 = -15. Suppose 5*q - 1 = -a. Let p = -24 - q. List the prime factors of p.
11
Let z(k) = k - 6. What are the prime factors of z(8)?
2
Suppose 5*m = 3*g - 26, -g + 3*m + 1 + 1 = 0. What are the prime factors of g?
17
Let l be (-3)/6*1*2. Let g be (-4)/2 - (-7 + l). Suppose -4*i - 2*p = -48, -5*p + 32 = g*i - 4*i. List the prime factors of i.
11
Let s = -26 - -45. What are the prime factors of s?
19
Let w = 53 + -17. What are the prime factors of w?
2, 3
Suppose -3*j - 2 = -3*s - 23, -2*s - 10 = 0. Suppose 3*o = -j*o + 305. Suppose 3*i = -0*i - 3*n + 39, n - o = -5*i. List the prime factors of i.
2, 3
Suppose 3*a - 93 = -3*q, 0 = -5*q + 5*a + 185 - 70. Let g = -6 + q. List the prime factors of g.
3, 7
Let b = 24 + -12. What are the prime factors of b?
2, 3
Suppose -2*l - 2 = 3*i, -5*l + 2*i + 16 = -i. Let h be -4*(-1)/l - -3. Suppose 5*v - 74 = -0*c + 3*c, -h*c = 15. List the prime factors of v.
13
Let q(m) = -m**3 + m**2 - m. Let r be (2 - 1) + (-28)/4. Let b(n) = 5*n**3 - n**2 + 6*n - 2. Let f(t) = r*q(t) - b(t). List the prime factors of f(5).
2
Let w(m) = 5*m - 1. Let d be w(1). Suppose -b + d = a + 2*b, -3*b = -4*a + 76. What are the prime factors of a?
2
Suppose 15 + 51 = 2*y. What are the prime factors of y?
3, 11
Let c(g) = -2 - 11*g**3 - 2*g**2 + 1 + 13*g**3 + 4*g**2. What are the prime factors of c(1)?
3
Let v(q) = q**3 + 6*q**2 - 7*q - 6. List the prime factors of v(-6).
2, 3
Let k = -4 + 6. Suppose 0 = k*m + 2*q - 22, -2*m - 3*q = -4*m + 27. What are the prime factors of m?
2, 3
Let n = -10 + 14. Let g = 5 + n. What are the prime factors of g?
3
Suppose -5*d + 3*z + z + 1 = 0, -7 = -2*d - 5*z. List the prime factors of d*6*(-3)/(-9).
2
Suppose 2 = 5*c - 2*l + 1, 4*c - 14 = -5*l. List the prime factors of 19 - (-2)/(-1 - c).
2, 3
Suppose -4*b + 94 - 34 = 0. List the prime factors of 34/6 + 5/b.
2, 3
Let r(h) = -22*h + 4. List the prime factors of r(-4).
2, 23
Suppose -2*n - 247 = -5*b, -2*b - 6*n + 94 = -2*n. Suppose 4*l + 1 = b. List the prime factors of l.
2, 3
Let h = 9 + -8. Suppose 0 = 4*w - 7 - h. Suppose 0 = w*a + 3*r - 4*r - 22, -3*a + 4*r + 38 = 0. List the prime factors of a.
2, 5
Let d = 159 - 100. Let a be -2*((-777)/(-28))/((-6)/(-4)). Let r = d + a. List the prime factors of r.
2, 11
Let y(a) = -6 + 2*a**2 - 5*a + 3 - 1. List the prime factors of y(4).
2
Let k(w) be the third derivative of -w**6/120 - w**5/30 + w**4/12 - w**3/3 - w**2. Let u be k(-3). List the prime factors of 0 + 2 + (u - 1).
2
Let j be (-1)/(2/3)*2. Let d(c) = -c**3 - 3*c**2 - 4*c - 2. Let q be d(j). List the prime factors of (-69)/(-5) - (-2)/q.
2, 7
Let g(i) = i**3 + 4*i**2 - 1. Let s(t) = 2*t + 9. Let k be s(-6). Let d be g(k). Let f = d - 6. List the prime factors of f.
2
Let i(v) be the first derivative of -v**2/2 + 10*v - 3. What are the prime factors of i(5)?
5
Suppose 2*b = -0*m - 3*m + 7, -m = b - 3. Suppose 2*c = -4*g - 26, 2*c + 28 + m = -5*g. Let z(f) = -f**2 - 7*f + 5. What are the prime factors of z(c)?
5
Suppose 10 = -2*p + 14. Suppose q + 14 = t, -p*t - q + 81 = 2*t. List the prime factors o